True
Suppose 0 = 125*h - 128*h - 4*k + 332389, -3*k - 221553 = -2*h. Is h prime?
False
Let b be (7 + -2)/(-3 + 2) - -31155. Suppose -5*x + 5*v + 75790 = 0, 4*x - b = 5*v + 29477. Is x prime?
False
Let g be -4713*(-9)/(27/(-15)). Let b = g + 33166. Is b composite?
False
Let x = -4522 - -1498. Let w = x - -9377. Is w a composite number?
False
Let k be ((-4)/5)/((-16)/40). Let r be 9/(-6) + 1529/k. Let u = r + -254. Is u a prime number?
True
Suppose -3*m = 12, 4*v + 0*m + 4 = 5*m. Is v/(-4)*60268/78 a composite number?
True
Let f = 178072 + -102765. Is f composite?
False
Suppose 5*m - 5*z + 24680 = 0, -4*z - 7430 = 4*m + 12290. Let k be -8*m/(-4)*-1. Suppose 0 = 4*y + 3318 - k. Is y a composite number?
False
Let m be (1*10/(-4))/((-240)/(-480)). Is -1 + (m - -4)/(1/(-4854)) a prime number?
False
Let y be (-378)/(-56) - (-1)/4 - -4. Suppose f - 5*l - y = -f, -43 = -f - 5*l. Suppose -5841 = -f*j + 9*j. Is j composite?
True
Let r(y) = -176*y**2 + 6*y - 18. Let i = -7 - -12. Let z(a) = 117*a**2 - 4*a + 12. Let f(s) = i*r(s) + 8*z(s). Is f(2) prime?
False
Is -4 + 26877 - (-6)/(-12)*-12 a prime number?
True
Let r be 26/3 - (-64)/(-96). Is (-72612)/(-144)*r/2 a composite number?
False
Let l(g) = -93*g + 25. Let d(n) = -3*n - 12. Let u be d(-2). Is l(u) a composite number?
True
Let s = -3695751 - -5643224. Is s a prime number?
False
Let m(k) = 2*k**3 + 33*k**2 + 6*k - 4. Let c be m(-11). Suppose -5*a - 3*g + c = -4*a, 3823 = 3*a - g. Suppose 12*t - a = 515. Is t prime?
True
Let p(z) = -z**3 - 6*z**2 + z + 6. Let o be p(-6). Suppose o = -9*c + 10*c - 4. Suppose 7*i - 4*i = c*b + 629, 3*b + 841 = 4*i. Is i a prime number?
True
Let x(y) = 3. Let r(t) = t**2 + 23*t - 46. Let k(d) = r(d) - x(d). Is k(14) prime?
False
Is ((13 + 1985)/18)/((-6)/(-394)) prime?
False
Let u = 145 + -142. Suppose 0 = -8*j - u + 123. Is j prime?
False
Let j = 794241 + -461234. Is j a composite number?
True
Let x(k) = 5*k**2 + 3*k + 5 + k**3 + 7 - 9. Let g be x(-5). Is (-8610)/g - 2/4 prime?
False
Suppose -305706 = -3*y - 5*n + 79841, 0 = y + 3*n - 128513. Is y composite?
False
Is (-21)/(12/4) + (63529 + -7)*2 a prime number?
True
Let u(h) = -158*h**3 + 3*h + 1. Let x be 1*-12 - (6 + -7 - 1). Let g(o) = o**3 + 12*o**2 + 19*o - 12. Let w be g(x). Is u(w) a composite number?
False
Suppose 3*i - 5*t - 354367 - 426645 = 0, 4*t = -20. Is i composite?
False
Suppose -112*k = -1013534 - 797618. Is k a composite number?
True
Let h(t) = 44*t**2 - 11*t + 3. Let j(q) = 43*q**2 - 11*q + 1. Let f(r) = r**3 - 7*r + 4. Let c be f(-3). Let b(w) = c*h(w) + 3*j(w). Is b(-5) composite?
True
Suppose -m + 57 = y, 2*m + y - 114 = -4*y. Let z = -50 + m. Suppose 0 = -z*c - 0*c + 8813. Is c prime?
True
Let d(z) = z**3 - 7*z**2 + 3*z - 18. Let p be d(7). Let h be p/6*(-7 + 5). Is 5 + h + 222/2 a prime number?
False
Suppose 0 = 4*b - b + 4*s + 90, 0 = 2*s. Let t be ((-8)/(-3))/((-10)/b). Let j(d) = 47*d - 5. Is j(t) prime?
False
Suppose -176*k - 9*k + 30462319 = -14935386. Is k prime?
False
Let v(y) be the third derivative of 7*y**5/30 - 5*y**4/24 - 11*y**3/6 + 4*y**2. Let d be v(8). Suppose 6*h - 11*h + d = 0. Is h composite?
True
Let w = -405013 + 638126. Is w composite?
False
Let u be ((-36)/(-5))/(3/160). Let s be -2*((-705)/(-10) + 4). Let i = u + s. Is i a prime number?
False
Suppose 53*t - 201 - 117 = 0. Suppose -t*z - 2713 = -9*z - 4*x, 0 = 2*z + 4*x - 1806. Is z composite?
False
Let n be (-5)/((-100)/(-30)) + (-39)/(-2). Is 1471/(-3*-3*2/n) prime?
True
Let r = -47 + 66. Let v(d) = d - 5. Let u(z) = 3*z. Let p(x) = u(x) - v(x). Is p(r) prime?
True
Let p(g) be the second derivative of g**5/20 + 4*g**4/3 - 11*g**3/3 + 27*g**2/2 + 2*g - 1. Is p(-16) composite?
False
Is 146836 - -1*(38 + -15) composite?
True
Is (1 - (-13)/(26/1037316))/(49 + -48) prime?
False
Is 12 + 303276/24*22 a composite number?
True
Let p(w) = 26*w**2 + 17*w - 4. Let g(m) = m**2 - 13*m + 1. Let l be g(13). Let a be l - -8*2/4. Is p(a) a composite number?
True
Let u = 1013 + -163. Suppose 7*a - 2*a - 3*x = 850, 5*a + 4*x = u. Suppose a*t = 173*t - 8103. Is t a composite number?
True
Suppose 48 = 8*a - 24. Suppose -a*z + 8 = 53. Is z - ((-304)/1 + 4) composite?
True
Suppose -5*r - 22 = -237. Let x = r + -38. Suppose -4*o + 2*y + 1182 = 0, -x*o + 2*o = -2*y - 889. Is o prime?
True
Let h(f) = -f**2 + 11*f + 12. Let x be h(12). Suppose -9*k + 15*k - 182370 = x. Is k composite?
True
Let f(p) = 3497*p - 4. Let d be f(1). Suppose -d - 4415 = -6*a. Suppose -a = -3*n - 127. Is n composite?
False
Let c(n) = n**2 + 67*n + 1019. Let a be c(-24). Let b(j) = j - 12 + 4*j**2 + 11*j - 7. Is b(a) prime?
False
Let f(p) = 1667*p**2 + 593*p - 1183. Is f(2) a composite number?
True
Let p(u) = 62*u**3 + 8*u**2 - 79*u - 16. Is p(9) a composite number?
False
Suppose -188*l + 21692431 + 70843989 = 0. Is l prime?
False
Suppose -29 - 155 = 4*w. Let d = w + 55. Is d/6*(-1636)/(-2) a prime number?
False
Suppose 13*g = -14 + 66. Is 1701/(-17)*-19 - g/34 composite?
False
Let c(o) = 105*o**3 - o**2 + 6*o + 6. Let q be c(6). Is (-6)/(-9) + q/18 a prime number?
False
Let u(z) = 5 + 20*z**2 + 15*z + z**3 + 0*z**3 - 4. Suppose -7*h - 31 = 95. Is u(h) composite?
False
Let p = 2041 + 7812. Is p composite?
True
Suppose -47919 = -3*y + 5*j, -27594 - 36269 = -4*y - 3*j. Is 3/2*(y/(-24))/(-2) composite?
False
Let x be -1*10554/10*(12 - 17). Suppose -18*p = -15*p - x. Is p a prime number?
True
Suppose 0 = 2*c + m - 1271, m + 1292 + 1235 = 4*c. Is c a prime number?
False
Let u(v) = 2*v + 37. Let h be u(-21). Let g(n) = -94*n - 31. Is g(h) prime?
True
Suppose -5*f = 2*m + 91986, -2*f = -7*f - 4*m - 91982. Is (0 - f)*11/((-66)/(-3)) composite?
False
Let q = 39475 - 8636. Is q a composite number?
False
Suppose 7*x + 20 = 5*a + 2*x, -5*x - 11 = -2*a. Suppose -4253 = a*s - 26558. Is s a composite number?
True
Let c = -445 + 1277. Suppose c = 4*h - 3924. Is h prime?
False
Let c(p) = 8*p + 185. Let x be c(-23). Is 3943 - x - -5 - (5 + -1) prime?
True
Let h(x) = -10*x**3 - 12*x**2 - 16*x + 17. Suppose 0*a + 72 = -9*a. Is h(a) prime?
False
Suppose 0 = 15*j - 45. Suppose o - 4*d - 16 = -2*o, -o + 2*d + 4 = 0. Suppose o = 2*s, -4*n + j*s - s = -1380. Is n composite?
False
Suppose -2*h + 28 = -0*h - y, h - y - 16 = 0. Let m = h - -49. Let q = 48 + m. Is q composite?
False
Let s(j) = 14*j**3 + 42*j**2 - 66*j - 29. Is s(11) prime?
True
Is 74*(116370/36 - 4*-1) a prime number?
False
Let k(l) = 3*l**3 + 2*l + 141281. Is k(0) composite?
True
Suppose 0 = 4*g + 3*n - 11 - 55, 6 = 3*n. Suppose -3*v + 8*v + g = 0. Is v + (65395/8 - (-6)/(-16)) a composite number?
False
Suppose -7*c + 141207 = -66014. Suppose n + 14988 = 2*j + 185, 3*n + c = 4*j. Is j a prime number?
False
Suppose 4*c - s = 28, -7*c + 4*c + 5*s + 38 = 0. Suppose i = c*i - 165. Is i a prime number?
False
Let b(h) = -486*h - 1. Suppose 0 = -4*p + 3*p - 2. Let w = p + 1. Is b(w) composite?
True
Let f(m) = -m**2 - 4*m + 623. Let u(a) be the second derivative of a**4/6 - 9*a**3/2 - 7*a**2 + 24*a. Let s be u(14). Is f(s) a prime number?
False
Suppose 61*d - 305 = -0*d. Is (-6)/(-20)*418790/15*d a prime number?
True
Suppose -4*o = -3*f + 31, 4*f + 3*o - 92 = -34. Let w(v) = v**3 - v**2 - 44*v + 21. Is w(f) composite?
True
Suppose 5*u = -3*q + 218, -6*u + 9*u - 144 = -2*q. Suppose 3593 = 67*k - q*k. Is k a composite number?
False
Suppose -1199259 = -26*b - b. Is b composite?
False
Suppose 0 = n, -3*b - 2*n + 3 + 6 = 0. Let c be 5/b*1/((-1)/3). Is 3 + (c + 1)*(-1153)/2 a prime number?
True
Let m(k) = -48*k**3 + 23*k**2 - 3*k + 2. Let q be m(-11). Suppose 4*v + 2*g - q = -3*g, 2*g - 33352 = -2*v. Suppose -v = -8*y + 2*y. Is y a composite number?
True
Suppose 3*u = 4*y - 28728 + 94093, 2*u + 5*y - 43569 = 0. Is u a composite number?
False
Suppose 0 = 280*c - 29008393 - 11768847. Is c prime?
True
Let d(l) = 2*l**2 - 14*l - 21. Let j(s) = -s**2 + 13*s + 20. Let y(m) = -2*d(m) - 3*j(m). Let i be y(-8). Let x(f) = 15*f**2 + 2*f + 5. Is x(i) composite?
False
Is ((-23 - -13) + 11)/(((-16)/(-667196))/4) a prime number?
True
Suppose 2258*d - 46190 = 2248*d. Is d a prime number?
False
Let x(a) = 4*a**3 + 45*a**2 + 13*a - 24. Let r(t) = -2*t**3 - 22*t**2 - 7*t + 11. Let q(w) = 5*r(w) + 3*x(w). Is q(-10) a composite number?
False
Let l = 252 + -247. S